t is the remainder when 14274822 is divided by 702?
354
What is the remainder when 523366 is divided by 213?
25
What is the remainder when 995032 is divided by 1440?
1432
What is the remainder when 106694 is divided by 818?
354
Calculate the remainder when 2765030 is divided by 162648.
14
Calculate the remainder when 8642979 is divided by 4430.
49
What is the remainder when 4827204 is divided by 40?
4
Calculate the remainder when 468874 is divided by 1739.
1083
Calculate the remainder when 24577 is divided by 5410.
2937
Calculate the remainder when 15969787 is divided by 11.
9
Calculate the remainder when 191948 is divided by 936.
68
Calculate the remainder when 704538 is divided by 46964.
78
Calculate the remainder when 17234 is divided by 3439.
39
Calculate the remainder when 32965 is divided by 16152.
661
Calculate the remainder when 510127 is divided by 402.
391
Calculate the remainder when 1194973 is divided by 1201.
1179
What is the remainder when 766473031 is divided by 361?
358
Calculate the remainder when 474760 is divided by 3567.
349
Calculate the remainder when 5039835 is divided by 1679916.
87
What is the remainder when 8626027 is divided by 832?
683
What is the remainder when 83109455 is divided by 13851567?
53
What is the remainder when 135453 is divided by 67667?
119
What is the remainder when 93401 is divided by 2076?
2057
Calculate the remainder when 4528825 is divided by 2264408.
9
What is the remainder when 1058364 is divided by 10691?
10646
Calculate the remainder when 86875 is divided by 1580.
1555
What is the remainder when 24877816 is divided by 710794?
26
What is the remainder when 1184597 is divided by 179?
154
What is the remainder when 153844 is divided by 7?
5
Calculate the remainder when 2694440 is divided by 83.
11
Calculate the remainder when 43724 is divided by 7271.
98
What is the remainder when 1433739 is divided by 2574?
21
Calculate the remainder when 192565 is divided by 1375.
65
What is the remainder when 889822 is divided by 806?
804
What is the remainder when 8621630 is divided by 21?
17
What is the remainder when 967 is divided by 217?
99
Calculate the remainder when 668555 is divided by 537.
527
Calculate the remainder when 691788 is divided by 2498.
2340
What is the remainder when 399427 is divided by 132?
127
What is the remainder when 23454 is divided by 4474?
1084
What is the remainder when 206971 is divided by 15791?
1688
Calculate the remainder when 340812 is divided by 5426.
4400
What is the remainder when 6417662 is divided by 170?
162
What is the remainder when 639729 is divided by 79954?
97
Calculate the remainder when 1014115 is divided by 2587.
11
Calculate the remainder when 188577543 is divided by 28.
7
Calculate the remainder when 548414 is divided by 274178.
58
Calculate the remainder when 52589564 is divided by 68.
64
Calculate the remainder when 8236288 is divided by 30.
28
What is the remainder when 15683299 is divided by 81?
79
What is the remainder when 32892591 is divided by 8568?
39
What is the remainder when 1928098 is divided by 250?
98
What is the remainder when 39878878 is divided by 43?
33
Calculate the remainder when 5318149 is divided by 91.
18
What is the remainder when 15228 is divided by 215?
178
Calculate the remainder when 370201479 is divided by 123400487.
18
What is the remainder when 826396 is divided by 313?
76
What is the remainder when 22440 is divided by 487?
38
What is the remainder when 7274885 is divided by 2657?
19
Calculate the remainder when 7719093 is divided by 13039.
5
What is the remainder when 29118688 is divided by 673?
670
Calculate the remainder when 581148 is divided by 193630.
258
What is the remainder when 5389015 is divided by 4?
3
What is the remainder when 143965 is divided by 1489?
1021
What is the remainder when 7201 is divided by 2938?
1325
Calculate the remainder when 2773723 is divided by 3028.
75
What is the remainder when 12147185 is divided by 1369?
48
Calculate the remainder when 6888 is divided by 98.
28
Calculate the remainder when 2295455 is divided by 233.
172
Calculate the remainder when 25413 is divided by 3583.
332
What is the remainder when 150792 is divided by 150733?
59
Calculate the remainder when 9754230 is divided by 36670.
10
What is the remainder when 16466480 is divided by 968616?
8
Calculate the remainder when 5607682 is divided by 623073.
25
Calculate the remainder when 1315771 is divided by 657549.
673
What is the remainder when 97583 is divided by 10819?
212
What is the remainder when 20610680 is divided by 666?
644
Calculate the remainder when 9966422 is divided by 488.
486
What is the remainder when 3249137 is divided by 287?
10
What is the remainder when 5589606 is divided by 14259?
78
What is the remainder when 441929637 is divided by 2042?
2039
Calculate the remainder when 1300020548 is divided by 867.
866
What is the remainder when 99198 is divided by 210?
78
Calculate the remainder when 136207 is divided by 42.
1
What is the remainder when 19836681 is divided by 7?
4
What is the remainder when 15055 is divided by 14635?
420
Calculate the remainder when 14166524 is divided by 51.
50
Calculate the remainder when 8435824 is divided by 1161.
1159
Calculate the remainder when 277428 is divided by 46226.
72
What is the remainder when 39404205 is divided by 14?
1
Calculate the remainder when 400336 is divided by 308.
244
What is the remainder when 225839021 is divided by 56459752?
13
What is the remainder when 497512 is divided by 1671?
1225
What is the remainder when 160325058 is divided by 3502?
3498
What is the remainder when 84856695 is divided by 2293423?
44
Calculate the remainder when 62600 is divided by 15490.
640
What is the remainder when 160532 is divided by 5110?
2122
Calculate the remainder when 5896234 is divided by 347.
10
What is the remainder when 1104102 is divided by 143?
142
What is the remainder when 55735487 is divided by 1643?
1641
Calculate the remainder when 112728 is divided by 28084.
392
What is the remainder when 127125 is divided by 63521?
83
Calculate the remainder when 345050 is divided by 1772.
1282
Calculate the remainder when 153132670 is divided by 231.
229
Calculate the remainder when 2066177 is divided by 1033035.
107
What is the remainder when 61814253 is divided by 1455?
33
Calculate the remainder when 74835 is divided by 1923.
1761
What is the remainder when 294176 is divided by 1988?
1940
What is the remainder when 46987182 is divided by 4271556?
66
What is the remainder when 4569 is divided by 4513?
56
Calculate the remainder when 16531 is divided by 1025.
131
What is the remainder when 2257725 is divided by 235?
80
What is the remainder when 40533 is divided by 40315?
218
What is the remainder when 25980 is divided by 1270?
580
What is the remainder when 5985428 is divided by 423?
401
Calculate the remainder when 11373 is divided by 1784.
669
Calculate the remainder when 88786 is divided by 621.
604
What is the remainder when 3925749 is divided by 46?
17
What is the remainder when 57457007 is divided by 163?
159
Calculate the remainder when 3032224 is divided by 28076.
16
What is the remainder when 304554 is divided by 5437?
82
What is the remainder when 1183478 is divided by 295869?
2
What is the remainder when 11442020 is divided by 2305?
0
Calculate the remainder when 3276625 is divided by 210.
205
What is the remainder when 52853783 is divided by 73?
31
Calculate the remainder when 7195942 is divided by 35.
12
What is the remainder when 5305784 is divided by 2075?
9
Calculate the remainder when 1880 is divided by 349.
135
What is the remainder when 24457885 is divided by 208?
205
Calculate the remainder when 173751 is divided by 1417.
877
Calculate the remainder when 101423 is divided by 47026.
7371
Calculate the remainder when 95585844 is divided by 47792912.
20
Calculate the remainder when 27094131 is divided by 5297.
5273
What is the remainder when 22374155 is divided by 138112?
11
What is the remainder when 10585644 is divided by 1378?
1226
Calculate the remainder when 68692 is divided by 11419.
178
What is the remainder when 87510 is divided by 276?
18
What is the remainder when 64019784 is divided by 233?
5
Calculate the remainder when 2195470 is divided 